ue
Let k = -6 - -4. Let o = -2174 - -2172. Is (-51 + k)/(o/2) a composite number?
False
Let d = 665089 - 372746. Is d prime?
True
Suppose 115*c = 108029438 + 44597527. Is c composite?
True
Is ((-31677)/3)/((-2 + 168/88)/1) a composite number?
True
Let b = -54 + 57. Suppose b*g = -2*g - 5*l + 10, 2*g - 5*l - 25 = 0. Suppose -g*z + 5152 = -5643. Is z a composite number?
True
Let x(n) = n**3 + 7*n**2 + 3*n + 24. Let c be x(-7). Suppose 3*w = -4*t + 9833, w = -c*t + 6380 + 996. Is t a composite number?
False
Suppose 0 = 4*o + y - 1671458, -2*y + 1 + 11 = 0. Is o composite?
False
Let q(h) = -14*h**3 - 43*h**2 + 29*h + 209. Is q(-18) a prime number?
False
Suppose 0 = -156*m + 148*m + 1562592. Suppose 8*t = -4*t + m. Is t composite?
True
Let p = -1151 + 563. Let b = p + 5849. Is b composite?
False
Suppose 5*t = -z + 17, z + t - 6 = -1. Suppose -4*d + z*d = 2*o + 2, 4*o + d = -1. Suppose o = 13*j - 10*j - 801. Is j a prime number?
False
Suppose -5*n + 12 = -17*n. Let w be -3*((-4)/6 + n). Suppose 3*l - 8*l = w*g - 7695, -4619 = -3*l - 2*g. Is l a prime number?
False
Suppose 0 = -5*k + 5*s + 20, -2*k - 2*k + 2*s + 14 = 0. Let j(c) = -2*c**2 + 5*c + 1. Let z be j(k). Is z/(-9) + (-29714)/(-18) a composite number?
True
Let u be 5 + 5 + 0/(-9). Suppose -274442 = -4*y - u*y. Is y a prime number?
True
Suppose 0 = -3*o - 3*t + 1048563, -4*o + 3513*t - 3515*t + 1398068 = 0. Is o prime?
False
Let t(x) = -2698*x - 260. Let s be t(-21). Suppose -z - 4*z + s = -r, 5*z = -4*r + 56383. Is z prime?
True
Suppose r - 2*w - 5172 = 3*w, -4 = 4*w. Is r a composite number?
False
Suppose 176*a + 2411389 = 235*a. Is a a prime number?
False
Is -10 + -108212*(-5)/20 a prime number?
True
Let v be (-3 - -1) + (-460)/(-2). Let z be 1/(v/(-231) + 1). Let o = 820 - z. Is o prime?
True
Suppose -2430*f + 2442*f - 3660828 = 0. Is f prime?
True
Let l = 10276 - 3789. Is l a composite number?
True
Let o = -433 + 433. Suppose o = 9*q + 7764 - 126843. Is q a prime number?
False
Is 3 + (-9 + 8)*1053812/(-2) prime?
True
Suppose 291*u - 10359730 = 244*u + 287227. Is u prime?
True
Suppose -5*t = 3*y - y - 84, -4*y - 4*t + 156 = 0. Let f = -171 + 178. Suppose 0 = -8*s + f*s + y. Is s a prime number?
True
Is -16 + 11 + -4 + 4298*25 a prime number?
True
Suppose -2*v = -p + 84, 0*p - 84 = 2*v + 2*p. Let x = -40 - v. Suppose x*k - 258 = -k. Is k a composite number?
True
Suppose -24 = 4*x - 56. Suppose 4*c - x*c + 9148 = 0. Is c composite?
False
Suppose 0 = 5*k + 5 - 0, -2*o = -4*k - 14780. Suppose 26208 = l + o. Suppose l = 27*t - 23*t. Is t composite?
True
Suppose 0 = -14*f - 104081 - 156655. Let v = 28285 + f. Is v prime?
True
Suppose -4*x = d, 2*x = 3*d - 0*x. Let p(a) = -a**2 - 26*a + 7666. Is p(d) prime?
False
Suppose -q + 611641 = 4*n, 5*q - 12 = -27. Is n a prime number?
False
Suppose 5*u - 3*t - 556417 = 0, 4*u - 5*t - 35712 = 409432. Is u a composite number?
True
Suppose -5*i = -15, 53 = 3*c + 4*i - 31. Suppose 5*u + 4*z - c - 1342 = 0, 0 = 4*u - 5*z - 1060. Let o = u - -149. Is o a composite number?
False
Let z be (50/(-15))/((-1)/753). Let h = 161 + z. Suppose 476 = i + u, -4*u = 5*i + 289 - h. Is i a prime number?
False
Suppose 0 = 5*y, -13*p + 15*p = -3*y + 37006. Is p prime?
True
Is 21*4/336*(-68711)/(-1)*4 composite?
False
Let v be (493644/45 - 11) + 2/15. Suppose -z - 4*f + v = 0, 2*f + 6104 = 5*z - 48713. Is z a composite number?
True
Let t(a) = 6035*a - 479. Is t(14) composite?
False
Let q = 71 + -46. Let y(k) = -q*k + 41*k + 15*k - 35 + 20*k. Is y(22) a prime number?
True
Let y = -4 + 7. Let q(z) = 64*z**3 + 24*z**2 + 38*z - 23. Let k(x) = -43*x**3 - 15*x**2 - 25*x + 15. Let m(f) = -8*k(f) - 5*q(f). Is m(y) composite?
False
Let h(z) = -13*z**3 + 15*z + 17. Let n = -288 + 283. Is h(n) a prime number?
True
Let k = 2560 - -71. Let f(q) = q + 16. Let u be f(-11). Suppose 0 = -4*l - 5*v + 5499, -3*l - k = -u*v - 6799. Is l a prime number?
True
Suppose 4*m + 3062 = 2*t - 3524, 2*t - 6574 = -2*m. Let i = t - 1442. Is i composite?
False
Let z = 46 + -57. Let k(n) = -24*n**2 + 9*n - 10. Let f be k(z). Let o = -1280 - f. Is o a composite number?
False
Suppose -3*o + 12 = 0, 0 = -m + 6*m - o + 2019. Is (m/(-3) - (-6)/(-4))*6 a composite number?
False
Let w(d) = -d. Let o(h) = -4*h - 6. Let c(l) = o(l) - w(l). Let y be c(-5). Suppose -3356 = -y*f + 307. Is f composite?
True
Let v = 229749 + 199140. Is v prime?
False
Let x be (-70)/(-21)*6/5. Let z be (x*5/(-2))/2. Is z/(-2) + -2 - 258/(-4) composite?
True
Let y = 15 - 9. Suppose -5*h - 5*n + 23195 = 0, -y = -14*n + 11*n. Is h prime?
True
Let s(z) = z**2 - 12*z + 15. Let l be s(11). Suppose -l*k = -1071 - 4853. Let h = -834 + k. Is h a composite number?
False
Let l(k) = 15*k**2 + 65*k - 189. Is l(62) a composite number?
True
Suppose -6 = 18*u - 21*u. Let x(k) = 4*k**2 - 7 + 0*k**2 - 3*k**u - 8*k + 5*k**2. Is x(-5) prime?
False
Suppose 5*i = -0*i - 680. Let h be i/6*((-174)/12 - -4). Let g = h + 25. Is g composite?
False
Let v(g) = 2*g - 1. Let i(n) = 9*n + 9201. Let x(t) = i(t) + 2*v(t). Is x(0) a composite number?
False
Suppose -c - 22 = -4*w, -2*c - 18 = -4*w - 3*c. Suppose w*m + 41 = -z + 5*z, 22 = 3*z - 2*m. Suppose 973 = 5*v - z*v. Is v a composite number?
True
Let x be 4 - (-9 + 8 + -2). Is 50118/(-42)*-1*x a prime number?
True
Let d = 85409 - 43348. Is d a composite number?
False
Let r(n) = 3*n**2 - 3*n + 3. Suppose -2*u + 6 = 0, u = 4*c + c - 22. Suppose b = -0 - 2, c*w = -b - 17. Is r(w) a composite number?
True
Suppose -68*n - 265*n = -522246897. Is n prime?
True
Suppose -5*x = -3*u - 328121, -4*u - 325 = -317. Is x a prime number?
False
Suppose 39 = 9*c - 6. Suppose t - 9 = -c. Suppose -t*r + 13969 = 4013. Is r prime?
False
Let a(r) = -r**2 - 6*r - 2. Let m be a(-5). Suppose -m*y = -0*y - 1860. Suppose y = 2*l - 1770. Is l a prime number?
False
Let k = -86 - -126. Suppose -2*x + 6*x = 3*v + 27, 5*x - k = 5*v. Suppose -385 + 4 = -x*l. Is l composite?
False
Let y be ((-2)/(-4) + -1)*0. Suppose 11*w + 2*w - 24245 = y. Is w prime?
False
Suppose 4*z = -3*x + 28563, 19042 = 650*x - 648*x - 3*z. Is x prime?
True
Let v(i) = 3*i**2 + 9*i + 29. Let z(d) = -4*d**2 - 9*d - 28. Let b(q) = -2*v(q) - 3*z(q). Is b(-3) composite?
False
Let y = 51396 + 43597. Is y prime?
True
Let s(i) = 14*i**2 - 3*i - 2. Let r be s(-1). Let t(y) = -r*y - 18*y + 8884*y**2 + 39*y - 5. Is t(1) prime?
False
Let q = -469 - -440. Let a(s) = -297*s + 169. Is a(q) composite?
True
Let d(i) = 3*i + 38. Let g be d(-12). Let m(z) = 458*z - 27. Is m(g) prime?
False
Suppose -11*r + 440 = 8932. Let i = 8495 + r. Is i a prime number?
True
Let u be ((-4)/(-6))/((-7)/(-63)). Suppose 2*m = -u*m - 0*m. Is (-265)/(-5) - 1/1*m a prime number?
True
Suppose 3*l + 1568 = 2*f - 4819, -4*l = -20. Suppose -f = 148*x - 151*x. Is x prime?
False
Let i = -81222 - -122785. Is i prime?
False
Let d be (18/12 - 5) + 4/(-8). Is 1084 - ((-5)/(-10))/(d/24) a prime number?
True
Let h(d) = 48*d**2 + d + 2. Let x(z) = z + 8. Let p be x(-6). Suppose -5*g - n + 0*n + 25 = 0, p*n - 20 = -4*g. Is h(g) a prime number?
False
Suppose -26*s - 78973 = -9423. Let k = 5176 + s. Is k a composite number?
True
Let v(y) = -2*y**3 + 2*y**2 + y + 27. Let j be v(0). Suppose -3*u - 28*x + 29322 = -j*x, 48880 = 5*u + 5*x. Is u a prime number?
False
Let l(v) be the third derivative of v**6/120 + v**5/60 - v**4/12 + v**3/3 + 12*v**2. Let o be l(1). Is 29*(-3 + 15) - o prime?
False
Let p(g) = g - 1. Let y be p(4). Suppose -2*s - 10 = -4*l - 5*s, y*l - s = 14. Is l*(-4 - 1092/(-16)) prime?
True
Suppose -2*u + u = 64. Let j be 7/(-4) + 16/u. Is j + 2 - 2/(-4)*582 a prime number?
False
Let y = 817 + -72. Let j = y + -49. Let w = j + 209. Is w a prime number?
False
Let y be 1*4 + (1 - 1). Let s be ((-18)/(-10))/((-300)/(-500)). Is s + (518/y)/((-5)/(-10)) composite?
True
Let t = 20788 + -13495. Let i = t + -2242. Is i a prime number?
True
Let g(b) = 7118*b**2 - 124*b - 19. Is g(5) prime?
False
Let j(t) = t**3 - 3*t**2 + t + 4. Let p be j(3). Let y be -2 + 1 + -3 + p. Let x(s) = 125*s + 4. Is x(y) prime?
True
Let h(y) = 19*y**3 - 15*y**2 + 20*y - 91. Is h(10) a composite number?
False
Suppose 4*z - 5*z + 4 = 0, -4*q - 2*z = -236. Let m = q - 54. Suppose 4*f = u - 513, -m*f - 2669 = -4*u - 604. Is u a composite number?
True
Supp